
What is the value of (-14 - -22) + -11 + 4?
1
Evaluate 4 + 1 + -2 + 0.
3
What is (4 - -20 - 22) + -1 + 8?
9
Evaluate (2 - -2) + -1 + (7 - 6).
4
What is -2 + 3 + (-11 - -7)?
-3
What is the value of (1 + -1 - 0) + (-165 - -169)?
4
-1 + 4 + -2 + 2
3
What is the value of 5 - -4 - (-3 - -7)?
5
What is the value of (-9 - -5 - -8) + -6?
-2
Calculate 3 + (7 + -8 - (-2 + 0)).
4
Evaluate -2 - 0 - (-18 + 26 - 10).
0
Calculate 3 + (-1 + -1 - -3).
4
What is the value of 12 + -4 + -3 + (-1 - 8)?
-4
What is -6 - -4 - ((-7 - -7) + -2)?
0
Calculate (3 - 7) + (10 - 11) - -9.
4
-15 - (-3 - (5 + 1))
-6
Calculate 0 - (-6 - -5) - 5.
-4
Calculate 3 + -5 + -3 + (15 - 10).
0
What is -1 + 3 + (-8 - (-5 - 0))?
-1
3 + -1 - (-4 - -11 - 8)
3
Evaluate 4 + (1 - 3) + 17 + -16.
3
What is -3 + 7 + (6 - 6) + 2?
6
Calculate 7 + (-1 - 4) - 2.
0
What is 5 + 1 - (-8 - (-6 + -6))?
2
Evaluate -5 + 0 + -3 + 2.
-6
What is the value of -5 - (0 - (1 - 1))?
-5
What is 3 + 2 + (-5 - -2)?
2
What is the value of 6 + (6 - (-9 - -8)) - 5?
8
(3 - (6 - 3)) + 1
1
What is the value of (-1 - -7) + (44 - 57)?
-7
0 - -4 - (0 + (2 - 2))
4
What is the value of 0 + (3 - (5 + -1)) + 5?
4
(2 - 6 - -4) + 1
1
Calculate -5 + 1 + (5 - 6) - 0.
-5
-2 - ((5 - -1) + -3)
-5
2 + 8 + -6 - -1
5
Evaluate (0 - -6) + (-14 - (8 - 18)).
2
What is 3 - (0 + -3 + 1)?
5
Calculate 1 + 1 - (6 - 4 - 8).
8
Evaluate 1 + 5 + (93 - 93).
6
Evaluate 3 - (-5 - (-9 - 3)).
-4
What is the value of 8 + (-16 - (-5 - -5))?
-8
-5 + -2 + 2 - 0
-5
Calculate 25 - 26 - (1 - (0 + -2)).
-4
Calculate -3 + (0 - (-4 - (-4 + 6))).
3
(14 - 4) + -8 - (-3 - -2)
3
Calculate (6 - 2) + -14 + 6.
-4
Calculate -12 + 13 + (2 + -1 - 0).
2
Calculate -4 + (1 - (5 - 5)) + 2.
-1
Evaluate -2 + -2 + 4 + 8 + -7.
1
Evaluate -6 - (-4 - (-5 + (-1 - -6))).
-2
Calculate 0 + (-3 - -2) + -3.
-4
Evaluate -4 + (7 - 0) + -3.
0
4 - (8 + (1 - 4))
-1
Calculate (-3 + 1 - -2) + (-1 - -1).
0
What is the value of -2 + -5 + (10 - 3) - -2?
2
Calculate 3 + 3 + 0 - 6 - 3.
-3
What is -16 - (-2 - (-1 + -2 + 7))?
-10
Evaluate 6 + (-2 - 0) - 2 - -1.
3
Calculate 1 + -3 + -1 + 8.
5
What is the value of -6 + (4 - (4 - 1 - 3))?
-2
Evaluate -1 + 5 - (-6 + 10 - 5).
5
Calculate 0 + 1 - (18 - 20).
3
What is the value of 0 - (2 - (4 + 0 + -2))?
0
What is -5 + (-6 - 1) + 0 + 18?
6
-2 - (-9 - -4) - 5
-2
24 + -31 - (3 - 1)
-9
What is 5 + (-2 - -6 - 6)?
3
(-4 - -3) + 9 + -3
5
Evaluate 18 + -17 + 0 + -2.
-1
Evaluate (47 - 52) + (2 - -5) + -7.
-5
3 + 2 + (-8 - 2)
-5
What is the value of (-6 + 5 - 9) + 7?
-3
Evaluate -2 + -2 + (8 - 2) + -5.
-3
What is the value of 3 - (-2 + (4 - (-4 + 4)))?
1
Evaluate -1 + (1 - 1) - (-54 - -57).
-4
What is 20 - 22 - (3 + (-1 - -1))?
-5
What is the value of 13 + -8 - 0 - (5 + 0)?
0
75 + -74 + (-1 + 1 - -1)
2
What is the value of -9 + 5 - (-1 + 3 + -4)?
-2
3 + -5 + -1 + (-2 - -2)
-3
90 - 84 - (2 + 0 + 0)
4
Calculate -3 - (-5 - -3) - (2 + -3).
0
What is the value of (8 - -1) + -7 + 5?
7
Evaluate -1 + (2 - -8 - (19 + -19)).
9
Calculate 4 - -3 - 6 - (0 + 6).
-5
What is the value of 4 - (5 + 0 + 2 - -1)?
-4
(18 + -26 - (0 - 1)) + 10
3
Calculate 5 + -15 + 7 + -3.
-6
What is 0 + 2 - (5 - (2 - 4))?
-5
What is the value of -3 + -5 - (0 - 0 - 4)?
-4
What is -6 + (0 - (6 + -3))?
-9
-4 - -11 - -6 - (-3 + 9)
7
Calculate -15 + (12 - 7) - -6.
-4
What is 1 - (-2 - (1 + -10))?
-6
Evaluate (-8 - -8) + 5 + 0 + 0.
5
What is the value of (12 - 18) + 7 - (4 + 0)?
-3
What is the value of -14 + 13 + (0 - 3)?
-4
Calculate (0 - -2) + -172 + 161.
-9
What is the value of 0 + (4 - (9 - 0))?
-5
Evaluate 47 - 34 - (0 - 0 - -4).
9
What is the value of 3 - (-1 - (1 + 0))?
5
What is 0 + (6 + -3 + -4 - -3)?
2
Calculate 2 - ((3 - 3) + 0).
2
-1 - (-1 - -3) - (-5 + 0)
2
Evaluate (0 - 1) + (2 - 6) - -4.
-1
Calculate (8 - (20 + -6)) + 6.
0
Calculate -4 - -3 - -1 - -4.
4
Evaluate -4 + (-2 - (-4 + 1)) - 3.
-6
What is the value of (-2 - -4 - 0) + -5?
-3
What is the value of 2 - (6 - -2 - 2)?
-4
-45 + 41 - (-11 - 1 - -2)
6
What is 0 - (-3 + 4 + -6 + 5)?
0
-2 + 3 + -4 + (1 - -1)
-1
Calculate 4 + 0 - (8 - 4).
0
0 + (0 - 1) - (11 + -6)
-6
66 + -61 - ((-1 - 0) + 0)
6
What is (-3 - -2) + 7 + -4?
2
What is -1 + 4 + 1 + -6?
-2
Calculate (1 - (-5 + 2 + 5)) + 3.
2
Evaluate (3 - -2) + (2 - 1) + -5.
1
What is 0 + -5 + 4 + 1?
0
What is 2 + 2 + 0 + (6 - 6)?
4
What is the value of (-10 - (-8 + 1)) + -4?
-7
Calculate (0 - 1) + 3 - -1.
3
What is 16 + 2 + -3 + -6?
9
7 - (-3 + 15 + -4)
-1
What is the value of 2 + (-2 - -5) + -7?
-2
-3 + (-1 + 5 - -1) + -4
-2
What is the value of -4 - 1 - (-11 + (-16 - -29))?
-7
4 + -1 + 1 + (-13 - -12)
3
6 + ((-4 - 0) + 1 - 3)
0
What is 17 + -18 + (3 - 6) + 11?
7
What is 5 - (3 - 0) - -3 - 10?
-5
-1 + -2 - (-6 - -2 - 5)
6
Evaluate 1 - (10 + (-1 - -2) - 5).
-5
(-3 - 0) + -2 + 10 + -6
-1
-1 + -7 - (-26 - -19)
-1
Calculate -26 + 4 - -8 - -8.
-6
What is the value of 2 + (-1 - (-1 + 4))?
-2
What is -4 + -1 - (-1 + 4 + -6)?
-2
Calculate 10 + -11 + -11 - -8.
-4
(-2 - (-2 + -6)) + 11 + -14
3
Calculate -2 + (1 - -3 - (12 + -13)).
3
Evaluate 2 - (-4 - -9) - (1 + -6).
2
What is -6 + 1 - (-1 + (-7 - -10))?
-7
What is the value of -8 + (10 + -9 - -1)?
-6
21 - (8 - -6) - 9
-2
Evaluate -12 + -10 + -13 + 25.
-10
Calculate 4 - (-14 + 11 + 2 + 3).
2
What is (1 - -5) + -1 - 9?
-4
What is the value of 2 + (4 - (2 - -4)) + 2?
2
1 - (0 + 3 + 4)
-6
6 - (-1 + 4) - 1
2
-7 + -2 + (-10 - -27)
8
What is the value of -2 + 10 - (16 + -5 - 6)?
3
What is 13 - 20 - (-2 - 3)?
-2
What is -4 + (-3 - -5) + 3 + 4?
5
1 - (-3 + 1 - -8) - -9
4
Calculate (4 + -10 + 1 - 4) + 6.
-3
Calculate (-6 - 0) + 15 + 4 + -19.
-6
What is the value of 2 + (4 + -3 - -1) + -7?
-3
Evaluate (11 - 5) + (4 - (6 + 4)).
0
What is the value of -3 - (-1 - -2 - -2) - -1?
-5
Calculate 0 + (1 + 7 - 4).
4
What is the value of (4 - 7 - -11) + -2?
6
Calculate (-1 - -1) + (0 - -4).
4
Calculate (10 - 14) + (0 - (-1 + 4)).
-7
Calculate (-6 - (4 - 14)) + (-5 - 1).
-2
Evaluate (4 - 0) + -3 - 2.
-1
What is the value of 1 + 2 + -28 + 31?
6
(3 - (2 - -5)) + 2
-2
Evaluate (0 - 1) + 5 - 4.
0
Calculate 5 - (9 - -7) - -19.
8
Evaluate (2 - 0) + -9 + 12 + 0.
5
Evaluate -1 - 0 - (-2 - -2 - 1).
0
Evaluate -4 - (4 - 8 - (-1 + -4)).
-5
Evaluate -3 - (2 + 4) - (-4 + 0).
-5
What is -2 + 0 + 0 + -1 + -2?
-5
-3 - (-5 + 12 - 6)
-4
-3 + (-1 - (5 + -5))
-4
Evaluate (7 - 11) + 0 + 2 - -1.
-1
Calculate -11 + 20 - 17 - -17.
9
Evaluate -8 - (-14 + -2) - (4 - -1).
3
Calculate -2 - 10 - (4 - 10).
-6
(-1 - (-7 + 4) - 4) + 6
4
-8 - (11 + -19 - -3)
-3
Evaluate -99 - -103 - (1 - 1 - -4).
0
What is the value of (-4 - 2 - -7) + -3?
-2
What is 13 - 10 - (-6 - -15)?
-6
Evaluate 5 - 5 - 2 - (10 + -6).
-6
What is -1 + 5 + 2 + -4?
2
Evaluate 0 + 5 - (-62 + 67).
0
Evaluate -5 - -1 - (-5 + 13 + -6).
-6
Calculate 11 - 3 - ((1 - -11) + -3).
-1
What is the value of 0 - (4 + (-12 - -4))?
4
Evaluate 4 + -5 + 2 + (1 - 1).
1
What is -5 - (-14 - ((-7 - -6) + -1))?
7
What is the value of -1 + (-2 - (-1 + 5) - -14)?
7
What is -3 + 4 - (-7 - -4)?
4
What is the value of 7 + 0 + (-4 - (-5 - -1))?
7
-9 + (7 - -5) + (-9 - -1)
-5
What is 47 + -27 + (-14 - -1)?
7
What is (-74 - -61) + (1 - -4) + 10?
2
What is (5 + 3 - 6 - -4) + -6?
0
Evaluate (1 - 2) + (3 - -1).
3
(-1 - 1) + -33 + 30
-5
Evaluate (0 - (0 - (0 - -1))) + 3.
4
0 + -7 - -1 - (19 - 22)
-3
Evaluate 0 + 5 + (3 - 5).
3
What is -17 + 17 - (-5 - -1 - -5)?
-1
What is (-4 - -2) + 8 - 4?
2
Calculate 0 + 3 - (-5 + 3).
5
What is (-3 - (3 + -8)) + (-15 - -6)?
-7
-9 + (-1 - -8) + -9 + 4
-7
Evaluate -20 - -34 - (-3 + 12).
5
(-4 + 2 - 5) + (10 - 8)
-5
What is -1 - (3 + (-11 - -1))?
6
Calculate -1 + 3 + (-8 - -15) + -7.
2
What is -5 - (5 + (-6 - -1))?
-5
What is the value of 3 - (2 - 1) - -3 - 3?
2
Calculate 11 + (-10 - -12) - 6.
7
-5 - (-7 + (-2 - -3))
1
What is the value of 5 - (-1 - 2) - (5 + 1)?
2
What is 4 + (3 - 0 - -3) + -6?
4
Calculate 10 + -15 + (-8 + 15 - 1).
1
What is 23 + -33 - (-18 + 0)?
8
What is the value of (-11 - -2) + (7 - (-1 + 0))?
-1
What is (2 - 1 - 0 - -1) + -6?
-4
Calculate 0 - (6 + -3) - 0 - 2.
-5
Calculate -4 + -4 + 0 + 0 + 2.
-6
Calculate 0 + -4 - ((4 - 8) + 1).
-1
Evaluate 1 + 3 + (49 - 61).
-8
-2 + (-1 - -7) + (4 - 6)
2
(-6 - 1) + (-4 - -2) + 5
-4
Evaluate -4 + 3 - (-4 + 5).
-2
0 + (3 - 2) - -4
5
What is the value of (5 - 1) + (-3 - 2)?
-1
(-2 - 7 - -6) + 